it of t?
6
Let i = 29 - -1. What is the tens digit of i?
3
Let r(q) = 5*q**3 + 5*q**2 - 88*q + 25. What is the hundreds digit of r(11)?
3
Let m(v) = -7*v**2 - 4*v + 4. Let d(h) = h**2 + h. Let x(t) = -t**2 + 14*t - 19. Let n be x(13). Let p(l) = n*d(l) - m(l). What is the tens digit of p(-4)?
2
What is the tens digit of 46/(-138) + (-3032)/(-6) + -1?
0
Let s(m) = m - 7. Let o be s(5). Let b be (-1250)/(-22) + o/(-11). Let x = -20 + b. What is the units digit of x?
7
Suppose -5*a - 4913 = -3*s, 15*s - 14*s = -5*a + 1671. What is the hundreds digit of s?
6
Let u be 3/(-12)*(-4)/1. Let m be 3 + u + 0 + -2. Suppose -m*c - 99 = -3*g - 5*c, 4*g - 3*c = 104. What is the tens digit of g?
2
Let k(z) = z**3 + 6*z**2 + 4*z - 4. Let m be k(-4). Suppose -m*n + 539 = -5*n. What is the units digit of n?
7
Suppose 11*u = -4369 + 11057. What is the hundreds digit of u?
6
Let u be 1/(-2) + 122/4. Let q = 14 - 10. Suppose q*h - u = h. What is the units digit of h?
0
Let j(z) = -z**2 + 9*z - 6. Let u be j(6). What is the units digit of (8/u)/((-4)/(-264))?
4
What is the tens digit of -2*92/16*(-6 - 32)?
3
Suppose -3*x - 2*a = -7243, -2968 = -2*x - a + 1859. What is the tens digit of x?
1
Let k = -129 - -113. Let j = 17 + k. What is the units digit of j?
1
Let k(q) = q**2 - 10*q - 7. Let x be k(10). What is the tens digit of (39/(-12))/(x/168)?
7
Suppose 8*n - 23382 = -10*n. What is the thousands digit of n?
1
Let a(q) = 3*q**2 + 11*q + 107. What is the hundreds digit of a(26)?
4
Let z(i) = 5*i**3 + 9*i**2 - 4*i - 23. What is the thousands digit of z(10)?
5
Suppose -2*c = -3*v + 17294, -20*v + 5782 = -19*v - 5*c. What is the thousands digit of v?
5
Suppose 3*i - 9 - 4 = -4*t, -i + 1 = -2*t. Suppose 264 + 0 = 3*h. Suppose -h = -i*y + 5. What is the tens digit of y?
3
Let i(x) = x**3 + 10*x**2 - 25*x - 8. Let p be i(-12). Suppose p*m = 7*m - 165. What is the units digit of m?
5
Let p(u) = 1 + 28 - 12*u + 32*u**2 - 14*u**2 - 17*u**2. What is the tens digit of p(18)?
3
Let n = 13 - 9. Suppose -s - 144 = -5*s - n*w, 0 = 5*w - 15. What is the units digit of s?
3
Suppose -11*o = -6*o - 175. Let v(n) = -n**2 + 2*n + 4. Let r be v(5). Let l = r + o. What is the units digit of l?
4
Suppose 6*v - 3778 - 782 = 0. What is the hundreds digit of v?
7
Let u = 1257 + -865. What is the units digit of u?
2
Let i = 22 + -20. Suppose -2*a - i*o + 142 = 3*o, a - 80 = 2*o. What is the units digit of a?
6
Let a(n) = 3*n**2 - 16*n + 3. Let d be a(8). Suppose z - d + 15 = 0. What is the units digit of z?
2
What is the tens digit of 6/(-21) - (161040/28)/(-5)?
5
Suppose 4*k - 2*k - 6 = 2*o, -9 = 3*o. Let q(b) = 4*b**2 - 3*b + 10 + 2*b + b**3 - 3*b**2. What is the tens digit of q(k)?
1
Let v = 18 + -14. Suppose 3*p - p - 9 = 3*x, -p = -5*x - 8. Suppose v*s = p*s + 28. What is the units digit of s?
8
Let g = -2847 + 4855. What is the thousands digit of g?
2
Let q = -1686 + 3525. What is the units digit of q?
9
Suppose -y - 9 = -z + 4*y, 0 = 2*z - 4*y - 42. Let h = -6 + z. Suppose m - h = -3*m + j, m + j = 2. What is the units digit of m?
5
Let c(k) = 122*k - 440. What is the units digit of c(25)?
0
Suppose -6*i - 8 + 26 = 0. Suppose -l + 45 = i*p + 2*p, -3*p = 0. What is the units digit of l?
5
Let w = 7 - 7. Suppose w*r - 14 = -3*x - 5*r, x - 8 = -5*r. Suppose -m - x*m = 4*c - 80, 0 = -2*c + m + 31. What is the tens digit of c?
1
Let x be ((0 - -3) + -2)/((-2)/(-22)). Suppose 0*h - x*h = -1353. What is the units digit of h?
3
Let a(d) = 14*d - 82. What is the hundreds digit of a(14)?
1
Let z be 3 - (-1 - -2) - -1. Suppose -h - 3*h - 200 = 5*u, -5*u = -z*h + 165. What is the tens digit of u*(1 - (-6)/(-4))?
1
Let u = -41 - -218. What is the hundreds digit of u?
1
Suppose 0 = 14*t - 17*t + 3*n + 882, 4*n = t - 300. What is the hundreds digit of t?
2
Let p = 5691 - 2812. What is the units digit of p?
9
Let b(m) = 78*m - 77*m + 52*m**2 + 2 - 1. What is the units digit of b(-1)?
2
Suppose 143733 + 132774 = 77*b. What is the units digit of b?
1
What is the tens digit of (-172)/20*(-24 + -11)?
0
Suppose -5*t + 15 = 2*z, -5*z + 4*t + t = -125. Let k be (58/4)/(10/z). Let u = 1 + k. What is the units digit of u?
0
Suppose -g + 3*r = 2*g + 21, 2 = -2*r. Let m = -17 - g. What is the tens digit of (-290)/(-9) + 2/m?
3
Let z(b) = -b. Let g be z(2). Suppose 3*a - 10 = 4*a. Let q = g - a. What is the units digit of q?
8
Suppose 4*h = 3*h + 26. What is the units digit of 2656/h + 8/(-52)?
2
Let g be (-187)/5 - (-3 - (-39)/15). Let u = g - -88. What is the tens digit of u?
5
Let a = 35 - 38. What is the tens digit of (-1)/a - 820/(-15)?
5
Let o(z) = -45*z**3 + 3*z**2 - z - 4. What is the hundreds digit of o(-2)?
3
Let w(q) = 6*q**2 - 5*q - 2. Let m be w(-6). Let b = -111 + m. What is the tens digit of b?
3
Suppose -f = -2*w - 3 - 10, -6 = 3*f + 3*w. What is the tens digit of (f - 1)*435/30?
2
Suppose -3*u - 4*k = -1103, -u + 4*k + 340 = -49. What is the tens digit of u?
7
Suppose 5*d = 3*j + 4915, 12*d - j - 2949 = 9*d. What is the tens digit of d?
8
Suppose a - 180 = -5*a. Suppose 0 = c - 71 + a. What is the tens digit of c?
4
Let u(n) = -n**2 - 4*n + 33. Let y be u(-8). Suppose 3*s + y = 871. What is the tens digit of s?
9
Let h = -15 + 15. Suppose 3*l + 86 - 374 = h. What is the tens digit of l?
9
Let p = 195 + 543. What is the hundreds digit of p?
7
Suppose 126 = 2*q - 658. Let k = q + -262. What is the hundreds digit of k?
1
Suppose -2*o - 14364 = 7*b - 11*b, -b + 3592 = -o. What is the thousands digit of b?
3
Let c(h) be the third derivative of h**6/120 - h**5/60 + h**4/24 - 2*h**3/3 + 3*h**2. What is the tens digit of c(3)?
1
Suppose 0 = -3*v - p + 10395, 11*p - 8*p - 9 = 0. What is the tens digit of v?
6
Suppose -5*m - 2*k + 183 = 0, -2*m + 3*k + 46 + 31 = 0. Let h be (4/6)/((-6)/135). Let y = m + h. What is the units digit of y?
2
Suppose 3*p + 15 = 0, 0 = 8*q - 3*q + 5*p - 2045. Suppose q = -g + 7*g. What is the units digit of g?
9
Let c = 20 + -18. Suppose n + f - 1 = 0, 1 = -5*n + c*f + 27. Suppose n*w - 28 = 68. What is the units digit of w?
4
Let w(v) = v**2 + 10*v + 21. Let x be w(-8). Suppose 65 = x*r + 2*m, 0 = 2*r + 3*r - 2*m - 65. What is the units digit of r?
3
Suppose 15*c + 75 = -0. Let j(z) = z**2 + 9*z + 50. What is the tens digit of j(c)?
3
Suppose 55*y = 37*y + 85896. What is the hundreds digit of y?
7
Let w be 6*(5 + 0 + -3)/1. Suppose 4*i - 5*a = 8*i - 120, 0 = -3*a + w. What is the units digit of i?
5
Let v(y) = -9*y**3 - 2*y**2 + 2*y. Let g be v(2). Let f = 118 + g. What is the tens digit of f*(-5 + 3)/(-2)?
4
Suppose 0 = -g - 2*r + 430, -g - 2*r = -3*g + 890. What is the tens digit of g?
4
Let t be ((-6)/(-9))/(-1)*-54. Let i = t + -21. What is the tens digit of (10/i)/((-3)/(-99))?
2
Let d(n) = -n**3 - 11*n**2 - 5*n - 13. Let k be 0/(-3) + 1 + -12. What is the tens digit of d(k)?
4
Let q be 2/(-1)*(12 - 103). Let k = q + -86. What is the tens digit of k?
9
Let i(b) = 2*b + 10. Let h be i(-6). Let g be h + -1 - (3 - 15). Let u = 18 - g. What is the units digit of u?
9
Let i be 80/10*(-2)/(-4). Suppose 11 = -i*u + 3. What is the units digit of (-5744)/(-120) + u/(-15)?
8
Let i = 279 - 148. Let p = i + -14. What is the tens digit of p?
1
Let y(h) be the first derivative of 17*h**3/3 - h**2/2 - 3. What is the tens digit of y(1)?
1
Let q(d) = -d**3 + 30*d**2 + 17*d - 84. What is the units digit of q(30)?
6
Suppose -11*u + 3*u + 2008 = 0. What is the tens digit of u?
5
Let o(k) = 22*k**2 + 8*k - 35. What is the units digit of o(-11)?
9
Let z be -2 - (3 - -89)/(-2). Suppose -4*p - 5*o = -z, -2*p - o + 3 = -13. What is the units digit of p?
6
Let i(c) = 20*c**2 - 31*c + 5. What is the units digit of i(-3)?
8
Let v(y) = 8*y**2 - 8*y + 4. Suppose 4*t + 3 = -2*l + 21, 4*l = t + 9. What is the tens digit of v(t)?
5
Let q be (-16)/(-6) - (-1)/3. Suppose q*n - 470 = 265. Suppose 0*b = -5*b + n. What is the tens digit of b?
4
Suppose 5*r - 29874 + 8772 = -2*z, 3*z + 12678 = 3*r. What is the units digit of r?
2
Let m(s) = 9*s - 2*s - 8 + 3 + 1. What is the tens digit of m(2)?
1
What is the hundreds digit of (-9)/((-27)/2) + 2600/15?
1
Let d(t) = 7*t**2 + 6. Let i be d(3). What is the units digit of 8 + -5 + i + -1?
1
Suppose 2*x + 18 = 24. Suppose 0 = -5*w + 3*i + 1404, 6 = -3*i - x. Wha